9931?
19, 1049
What are the prime factors of 53773?
53773
What are the prime factors of 262?
2, 131
List the prime factors of 1825.
5, 73
List the prime factors of 2665.
5, 13, 41
List the prime factors of 87470.
2, 5, 8747
List the prime factors of 48673.
48673
What are the prime factors of 6608?
2, 7, 59
What are the prime factors of 68027?
59, 1153
List the prime factors of 23545.
5, 17, 277
List the prime factors of 1234.
2, 617
What are the prime factors of 507?
3, 13
List the prime factors of 23287.
11, 29, 73
What are the prime factors of 78507?
3, 11, 13, 61
What are the prime factors of 2119?
13, 163
List the prime factors of 18994.
2, 9497
What are the prime factors of 101900?
2, 5, 1019
What are the prime factors of 8666?
2, 7, 619
What are the prime factors of 45442?
2, 22721
What are the prime factors of 715?
5, 11, 13
List the prime factors of 264.
2, 3, 11
List the prime factors of 1740.
2, 3, 5, 29
What are the prime factors of 111912?
2, 3, 4663
What are the prime factors of 13631?
43, 317
What are the prime factors of 65261?
7, 9323
List the prime factors of 4219.
4219
List the prime factors of 1038.
2, 3, 173
What are the prime factors of 25795?
5, 7, 11, 67
List the prime factors of 10820.
2, 5, 541
List the prime factors of 2549.
2549
What are the prime factors of 4776?
2, 3, 199
What are the prime factors of 677?
677
What are the prime factors of 154066?
2, 11, 47, 149
List the prime factors of 3560.
2, 5, 89
What are the prime factors of 728?
2, 7, 13
List the prime factors of 90356.
2, 7, 461
What are the prime factors of 46792?
2, 5849
List the prime factors of 1651.
13, 127
List the prime factors of 153733.
153733
List the prime factors of 28954.
2, 31, 467
List the prime factors of 635.
5, 127
List the prime factors of 4765.
5, 953
List the prime factors of 16985.
5, 43, 79
List the prime factors of 3811.
37, 103
List the prime factors of 64293.
3, 29, 739
What are the prime factors of 260?
2, 5, 13
List the prime factors of 13973.
89, 157
List the prime factors of 653.
653
What are the prime factors of 5026?
2, 7, 359
What are the prime factors of 3113?
11, 283
List the prime factors of 5852.
2, 7, 11, 19
List the prime factors of 1025.
5, 41
What are the prime factors of 1488?
2, 3, 31
What are the prime factors of 1771?
7, 11, 23
List the prime factors of 401.
401
What are the prime factors of 43?
43
What are the prime factors of 917?
7, 131
List the prime factors of 1514.
2, 757
What are the prime factors of 59?
59
What are the prime factors of 9973?
9973
List the prime factors of 1184.
2, 37
List the prime factors of 2628.
2, 3, 73
List the prime factors of 89325.
3, 5, 397
List the prime factors of 16519.
16519
What are the prime factors of 469?
7, 67
List the prime factors of 68058.
2, 3, 19, 199
What are the prime factors of 23251?
23251
What are the prime factors of 7722?
2, 3, 11, 13
What are the prime factors of 140589?
3, 41, 127
What are the prime factors of 586?
2, 293
List the prime factors of 4725.
3, 5, 7
List the prime factors of 903.
3, 7, 43
What are the prime factors of 12144?
2, 3, 11, 23
List the prime factors of 4608.
2, 3
List the prime factors of 1451.
1451
List the prime factors of 1301.
1301
List the prime factors of 11236.
2, 53
List the prime factors of 4486.
2, 2243
What are the prime factors of 2281?
2281
What are the prime factors of 2156?
2, 7, 11
What are the prime factors of 53008?
2, 3313
List the prime factors of 53206.
2, 37, 719
List the prime factors of 10502.
2, 59, 89
What are the prime factors of 133156?
2, 33289
What are the prime factors of 22195?
5, 23, 193
What are the prime factors of 3086?
2, 1543
What are the prime factors of 1984?
2, 31
List the prime factors of 12193.
89, 137
What are the prime factors of 2798?
2, 1399
List the prime factors of 114231.
3, 13, 29, 101
What are the prime factors of 71899?
71899
What are the prime factors of 1128?
2, 3, 47
List the prime factors of 62838.
2, 3, 3491
List the prime factors of 73056.
2, 3, 761
What are the prime factors of 1533?
3, 7, 73
What are the prime factors of 145364?
2, 36341
List the prime factors of 1425.
3, 5, 19
List the prime factors of 44739.
3, 1657
What are the prime factors of 2302?
2, 1151
List the prime factors of 118030.
2, 5, 11, 29, 37
List the prime factors of 1348.
2, 337
List the prime factors of 63949.
63949
List the prime factors of 17228.
2, 59, 73
List the prime factors of 95.
5, 19
List the prime factors of 117109.
117109
What are the prime factors of 29731?
13, 2287
What are the prime factors of 19734?
2, 3, 11, 13, 23
List the prime factors of 650.
2, 5, 13
What are the prime factors of 17230?
2, 5, 1723
List the prime factors of 8411.
13, 647
What are the prime factors of 2319?
3, 773
What are the prime factors of 4086?
2, 3, 227
List the prime factors of 11767.
7, 41
List the prime factors of 10379.
97, 107
List the prime factors of 13841.
13841
What are the prime factors of 8550?
2, 3, 5, 19
List the prime factors of 65202.
2, 3, 10867
List the prime factors of 33373.
23, 1451
List the prime factors of 17663.
17, 1039
List the prime factors of 2822.
2, 17, 83
List the prime factors of 198164.
2, 107, 463
List the prime factors of 8877.
3, 11, 269
List the prime factors of 110348.
2, 7, 563
List the prime factors of 9669.
3, 11, 293
List the prime factors of 49694.
2, 24847
What are the prime factors of 73153?
191, 383
What are the prime factors of 126368?
2, 11, 359
What are the prime factors of 6706?
2, 7, 479
List the prime factors of 3699.
3, 137
What are the prime factors of 4750?
2, 5, 19
What are the prime factors of 21668?
2, 5417
List the prime factors of 12027.
3, 19, 211
What are the prime factors of 13955?
5, 2791
List the prime factors of 500.
2, 5
List the prime factors of 119108.
2, 11, 2707
List the prime factors of 1426.
2, 23, 31
List the prime factors of 6114.
2, 3, 1019
What are the prime factors of 3997?
7, 571
What are the prime factors of 5739?
3, 1913
What are the prime factors of 31345?
5, 6269
What are the prime factors of 87842?
2, 167, 263
What are the prime factors of 1171?
1171
What are the prime factors of 8055?
3, 5, 179
List the prime factors of 12565.
5, 7, 359
List the prime factors of 5642.
2, 7, 13, 31
List the prime factors of 5602.
2, 2801
What are the prime factors of 56539?
7, 41, 197
List the prime factors of 4774.
2, 7, 11, 31
List the prime factors of 4375.
5, 7
What are the prime factors of 59531?
59, 1009
What are the prime factors of 23572?
2, 71, 83
List the prime factors of 34013.
7, 43, 113
What are the prime factors of 19716?
2, 3, 31, 53
What are the prime factors of 24637?
71, 347
What are the prime factors of 938?
2, 7, 67
What are the prime factors of 102?
2, 3, 17
What are the prime factors of 1724?
2, 431
What are the prime factors of 5?
5
List the prime factors of 9785.
5, 19, 103
What are the prime factors of 11325?
3, 5, 151
List the prime factors of 1109.
1109
What are the prime factors of 6058?
2, 13, 233
List the prime factors of 129591.
3, 7, 11, 17
List the prime factors of 47358.
2, 3, 877
What are the prime factors of 106?
2, 53
What are the prime factors of 1660?
2, 5, 83
List the prime factors of 9025.
5, 19
List the prime factors of 1594.
2, 797
List the prime factors of 3057.
3, 1019
What are the prime factors of 10239?
3, 3413
List the prime factors of 30577.
30577
What are the prime factors of 27132?
2, 3, 7, 17, 19
List the prime factors of 123475.
5, 11, 449
What are the prime factors of 12?
2, 3
What are the prime factors of 8252?
2, 2063
What are the prime factors of 892?
2, 223
What are the prime factors of 48039?
3, 67, 239
List the prime factors of 138192.
2, 3, 2879
List the prime factors of 959.
7, 137
List the prime factors of 40659.
3, 13553
List the prime factors of 58785.
3, 5, 3919
List the prime factors of 83457.
3, 11, 281
What are the prime factors of 3859?
17, 227
List the prime factors of 271.
271
List the prime factors of 1232.
2, 7, 11
What are the prime factors of 9460?
2, 5, 11, 43
List the prime factors of 4112.
2, 257
What are the prime factors of 479?
479
What are the prime factors of 646?
2, 17, 19
What are the prime factors of 6190?
2, 5, 619
What are the prime factors of 8946?
2, 3